{"id":1675,"date":"2023-06-11T14:30:24","date_gmt":"2023-06-11T13:30:24","guid":{"rendered":"https:\/\/store.mb-fit.pro\/?post_type=product&#038;p=1675"},"modified":"2025-07-31T10:33:20","modified_gmt":"2025-07-31T09:33:20","slug":"bouteille-de-sport-isotherme-granit-noir-mb-fit","status":"publish","type":"product","link":"https:\/\/store.mb-fit.pro\/?product=bouteille-de-sport-isotherme-granit-noir-mb-fit","title":{"rendered":"Bouteille de Sport \u2013 Isotherme \u2013 Granit noir \u2013 MB FIT"},"content":{"rendered":"<h3>Restez hydrat\u00e9 et en mouvement avec la bouteille isotherme MB FIT !<\/h3>\n<p>Notre bouteille isotherme est sp\u00e9cialement con\u00e7ue pour garder vos boissons froides ou chaudes, afin que vous puissiez rester hydrat\u00e9 et plein d\u2019\u00e9nergie pendant vos entra\u00eenements, votre sport ou vos activit\u00e9s quotidiennes.<\/p>\n<p>Fabriqu\u00e9e en acier inoxydable, notre bouteille d\u2019eau isotherme pour le sport est durable et con\u00e7ue pour durer. Elle est \u00e9galement dot\u00e9e d\u2019une conception anti-fuite, ce qui vous permet de l\u2019emporter partout avec vous sans d\u00e9g\u00e2ts.<\/p>\n<ul class=\"a-unordered-list a-vertical a-spacing-mini\">\n<li><span class=\"a-list-item\"><strong>Gardez vos boissons glac\u00e9es pendant 24H ou chaude pendant 12h<\/strong><br \/>\n<\/span><span class=\"a-list-item\">Excellent pour l\u2019eau froide glac\u00e9e, le th\u00e9, le caf\u00e9, la soupe, les boissons \u00e9nergisantes, les jus de fruits frais ou p\u00e9tillants et les boissons prot\u00e9in\u00e9es.<\/span><\/li>\n<li><span class=\"a-list-item\"><strong>\u00c9cologique et sans danger pour l\u2019alimentaire<\/strong><br \/>\n<\/span><span class=\"a-list-item\">Form\u00e9 \u00e0 partir d\u2019acier inoxydable de qualit\u00e9 alimentaire r\u00e9sistant \u00e0 la rouille \u00e0 l\u2019int\u00e9rieur et \u00e0 l\u2019ext\u00e9rieur, elle pr\u00e9serve le go\u00fbt et la puret\u00e9 de vos boissons pr\u00e9f\u00e9r\u00e9es, tout en offrant une alternative saine, r\u00e9utilisable et durable aux bouteilles en plastique jetables.<\/span><\/li>\n<li><strong><span class=\"a-list-item\">Couvercle \u00e0 visser herm\u00e9tique et anti-fuites<br \/>\n<\/span><\/strong><span class=\"a-list-item\">L\u2019ing\u00e9nierie de pr\u00e9cision et les mat\u00e9riaux de qualit\u00e9 sup\u00e9rieure se combinent pour garantir que nos bouteilles l\u00e9g\u00e8res et robustes soient un partenaire fiable dans vos aventures les plus exigeantes. Chaque bouteille est con\u00e7ue avec un couvercle herm\u00e9tique aux gaz \u00e0 360 \u00b0 pour garder le liquide compl\u00e8tement scell\u00e9 afin d\u2019\u00e9viter toute fuite d\u2019eau.\u00a0<\/span><span class=\"a-list-item\">Test\u00e9es selon les normes les plus rigoureuses, vous pouvez compter sur nos bouteilles.<\/span><\/li>\n<\/ul>\n<p>\u00c9l\u00e9gante et pratique, notre bouteille d\u2019eau isotherme pour le sport est dot\u00e9e d\u2019une finition en granit noir et d\u2019un couvercle viss\u00e9 s\u00e9curis\u00e9.<\/p>\n<p>Alors pourquoi attendre ?<\/p>\n<h4>Offrez-vous une hydratation et une flexibilit\u00e9 optimales avec la bouteille de sport isotherme MB FIT.<\/h4>\n<p>Commandez la v\u00f4tre d\u00e8s aujourd\u2019hui et restez hydrat\u00e9 et plein d\u2019\u00e9nergie, peu importe o\u00f9 votre journ\u00e9e vous m\u00e8ne !<\/p>\n","protected":false},"excerpt":{"rendered":"<div class=\"woocommerce-product-details__short-description\">\n<div class=\"woocommerce-product-details__short-description\">\n<p><span class=\"a-list-item\"><strong>La bouteille de sport isotherme MB FIT<\/strong>\u00a0garde vos boissons\u00a0<strong>fraiches pendant 24H<\/strong>\u00a0ou\u00a0<strong>chaude pendant 12h.\u00a0<\/strong>Gr\u00e2ce \u00e0 son couvercle \u00e0 visser herm\u00e9tique, il est anti-fuites. De plus, cette bouteille est \u00e9<\/span><span class=\"a-list-item\">cologique et sans danger pour l\u2019alimentaire.<\/span><\/p>\n<\/div>\n<\/div>\n","protected":false},"featured_media":1676,"comment_status":"open","ping_status":"closed","template":"","meta":[],"product_cat":[268,237,225],"product_tag":[],"class_list":{"0":"post-1675","1":"product","2":"type-product","3":"status-publish","4":"has-post-thumbnail","6":"product_cat-accessoires-fitness","7":"product_cat-musculation-fitness","8":"product_cat-sport","10":"first","11":"instock","12":"sale","13":"shipping-taxable","14":"purchasable","15":"product-type-simple"},"_links":{"self":[{"href":"https:\/\/store.mb-fit.pro\/index.php?rest_route=\/wp\/v2\/product\/1675","targetHints":{"allow":["GET"]}}],"collection":[{"href":"https:\/\/store.mb-fit.pro\/index.php?rest_route=\/wp\/v2\/product"}],"about":[{"href":"https:\/\/store.mb-fit.pro\/index.php?rest_route=\/wp\/v2\/types\/product"}],"replies":[{"embeddable":true,"href":"https:\/\/store.mb-fit.pro\/index.php?rest_route=%2Fwp%2Fv2%2Fcomments&post=1675"}],"version-history":[{"count":2,"href":"https:\/\/store.mb-fit.pro\/index.php?rest_route=\/wp\/v2\/product\/1675\/revisions"}],"predecessor-version":[{"id":1682,"href":"https:\/\/store.mb-fit.pro\/index.php?rest_route=\/wp\/v2\/product\/1675\/revisions\/1682"}],"wp:featuredmedia":[{"embeddable":true,"href":"https:\/\/store.mb-fit.pro\/index.php?rest_route=\/wp\/v2\/media\/1676"}],"wp:attachment":[{"href":"https:\/\/store.mb-fit.pro\/index.php?rest_route=%2Fwp%2Fv2%2Fmedia&parent=1675"}],"wp:term":[{"taxonomy":"product_cat","embeddable":true,"href":"https:\/\/store.mb-fit.pro\/index.php?rest_route=%2Fwp%2Fv2%2Fproduct_cat&post=1675"},{"taxonomy":"product_tag","embeddable":true,"href":"https:\/\/store.mb-fit.pro\/index.php?rest_route=%2Fwp%2Fv2%2Fproduct_tag&post=1675"}],"curies":[{"name":"wp","href":"https:\/\/api.w.org\/{rel}","templated":true}]}}