{"id":1632,"date":"2023-06-10T12:03:47","date_gmt":"2023-06-10T11:03:47","guid":{"rendered":"https:\/\/store.mb-fit.pro\/?post_type=product&#038;p=1632"},"modified":"2023-06-10T12:04:25","modified_gmt":"2023-06-10T11:04:25","slug":"corde-a-sauter-reglable-lestee-mb-fit","status":"publish","type":"product","link":"https:\/\/store.mb-fit.pro\/?product=corde-a-sauter-reglable-lestee-mb-fit","title":{"rendered":"Corde \u00e0 sauter \u2013 R\u00e9glable &#038; Lest\u00e9e \u2013 MB FIT"},"content":{"rendered":"<h3>Faites grimper les battements de votre c\u0153ur et tonifier vos muscles avec la corde \u00e0 sauter r\u00e9glable et lest\u00e9e de MB FIT !<\/h3>\n<p>Notre\u00a0<strong>corde \u00e0 sauter<\/strong>\u00a0est un outil polyvalent et efficace qui peut vous aider \u00e0 vous\u00a0<strong>mettre en forme<\/strong>\u00a0et \u00e0 obtenir le\u00a0<strong>corps tonique<\/strong>\u00a0et en\u00a0<strong>forme<\/strong>\u00a0que vous avez toujours voulu.<\/p>\n<p>La corde \u00e0 sauter est un exercice \u00e0 la fois simple et complet qui am\u00e9liore votre \u00e9quilibre et favorise le bon positionnement du corps. Sauter \u00e0 la corde va solliciter les muscles du bas du corps. Avec les lests, vous allez pouvoir venir cibler les avant-bras et les bras pour les tonifier davantage. Bien ma\u00eetris\u00e9, c\u2019est un sport qui augmente vos capacit\u00e9s d\u2019endurance.<\/p>\n<p>Si cela ne suffit pas \u00e0 vous persuader, voici quelques raisons pour s\u2019y mettre :<\/p>\n<ul>\n<li><strong>S\u2019exercer \u00e0 la corde \u00e0 sauter ne demande aucune exp\u00e9rience pr\u00e9alable<\/strong>\u00a0: exercice tr\u00e8s complet pour un d\u00e9butant que pour une personne confirm\u00e9e.<\/li>\n<li><strong>La corde \u00e0 sauter n\u2019est pas monotone\u00a0<\/strong>: contrairement \u00e0 de nombreux sports sollicitant vos capacit\u00e9s d\u2019endurance, la corde \u00e0 sauter est un sport qui se pratique n\u2019implique pas de d\u00e9placement, mais qui y pr\u00e9sente une grande vari\u00e9t\u00e9 de sauts et de pas.<\/li>\n<li><strong>Le saut \u00e0 la corde, id\u00e9al pour une s\u00e9ance de cardio rapide ou d\u2019\u00e9chauffement<\/strong>\u00a0: dix minutes de cet exercice peuvent \u00eatre aussi efficaces que 30\u00a0minutes de footing.<\/li>\n<li><strong>La corde \u00e0 sauter est un sport complet<\/strong>\u00a0: C\u2019est un entra\u00eenement de force et d\u2019endurance pour l\u2019ensemble de votre corps, qui permet \u00e0 la fois d\u2019augmenter votre cardio et sollicite vos muscles et r\u00e9flexes.<\/li>\n<\/ul>\n<p>Fabriqu\u00e9e avec des mat\u00e9riaux de qualit\u00e9 et une conception robuste, notre corde \u00e0 sauter r\u00e9glable et lest\u00e9e est con\u00e7ue pour durer et r\u00e9sister aux entra\u00eenements les plus difficiles. Elle est \u00e9galement r\u00e9glable, de sorte que vous pouvez facilement ajuster la longueur en fonction de votre taille et de votre style de saut. De plus, avec un poids suppl\u00e9mentaire dans les poign\u00e9es, vous pouvez obtenir un entra\u00eenement cardiovasculaire plus intense et augmenter le tonus musculaire.<\/p>\n<h4>Obtenez la forme, le corps tonique que vous m\u00e9ritez avec la corde \u00e0 sauter r\u00e9glable et lest\u00e9e de MB FIT.<\/h4>\n<p>Commandez la v\u00f4tre aujourd\u2019hui et commencez votre voyage vers un corps plus fort et plus sain !<\/p>\n","protected":false},"excerpt":{"rendered":"<div class=\"woocommerce-product-details__short-description\">\n<p>La\u00a0<strong>corde \u00e0 sauter<\/strong>\u00a0est un des\u00a0<strong>meilleurs moyens<\/strong>\u00a0pour\u00a0<strong>br\u00fbler des calories<\/strong>\u00a0et\u00a0<strong>perdre du poids<\/strong>, vous permettant ainsi d\u2019<strong>affiner votre silhouette<\/strong>\u00a0et\u00a0<strong>avoir un ventre plat<\/strong>.<\/p>\n[table id=7 \/]\n<\/div>\n","protected":false},"featured_media":1633,"comment_status":"open","ping_status":"closed","template":"","meta":[],"product_cat":[268],"product_tag":[],"class_list":{"0":"post-1632","1":"product","2":"type-product","3":"status-publish","4":"has-post-thumbnail","6":"product_cat-accessoires-fitness","8":"first","9":"instock","10":"sale","11":"shipping-taxable","12":"purchasable","13":"product-type-simple"},"_links":{"self":[{"href":"https:\/\/store.mb-fit.pro\/index.php?rest_route=\/wp\/v2\/product\/1632","targetHints":{"allow":["GET"]}}],"collection":[{"href":"https:\/\/store.mb-fit.pro\/index.php?rest_route=\/wp\/v2\/product"}],"about":[{"href":"https:\/\/store.mb-fit.pro\/index.php?rest_route=\/wp\/v2\/types\/product"}],"replies":[{"embeddable":true,"href":"https:\/\/store.mb-fit.pro\/index.php?rest_route=%2Fwp%2Fv2%2Fcomments&post=1632"}],"version-history":[{"count":1,"href":"https:\/\/store.mb-fit.pro\/index.php?rest_route=\/wp\/v2\/product\/1632\/revisions"}],"predecessor-version":[{"id":1637,"href":"https:\/\/store.mb-fit.pro\/index.php?rest_route=\/wp\/v2\/product\/1632\/revisions\/1637"}],"wp:featuredmedia":[{"embeddable":true,"href":"https:\/\/store.mb-fit.pro\/index.php?rest_route=\/wp\/v2\/media\/1633"}],"wp:attachment":[{"href":"https:\/\/store.mb-fit.pro\/index.php?rest_route=%2Fwp%2Fv2%2Fmedia&parent=1632"}],"wp:term":[{"taxonomy":"product_cat","embeddable":true,"href":"https:\/\/store.mb-fit.pro\/index.php?rest_route=%2Fwp%2Fv2%2Fproduct_cat&post=1632"},{"taxonomy":"product_tag","embeddable":true,"href":"https:\/\/store.mb-fit.pro\/index.php?rest_route=%2Fwp%2Fv2%2Fproduct_tag&post=1632"}],"curies":[{"name":"wp","href":"https:\/\/api.w.org\/{rel}","templated":true}]}}